{"id":2,"date":"2023-09-10T15:33:43","date_gmt":"2023-09-10T13:33:43","guid":{"rendered":"http:\/\/clemencedarde-psy.fr\/?page_id=2"},"modified":"2023-10-03T11:16:13","modified_gmt":"2023-10-03T09:16:13","slug":"therapies-proposees","status":"publish","type":"page","link":"https:\/\/clemencedarde-psy.fr\/index.php\/therapies-proposees\/","title":{"rendered":"Les Th\u00e9rapies propos\u00e9es"},"content":{"rendered":"\n<p>Pour toute difficult\u00e9 rencontr\u00e9e au cours de la vie, je vous accueille dans une approche humaniste et ai \u00e0 c\u0153ur de vous offrir une prise en charge adapt\u00e9e \u00e0 vos probl\u00e9matiques. Je propose notamment des th\u00e9rapies de soutien, des th\u00e9rapies ICV (Int\u00e9gration du Cycle de la Vie) ainsi que des th\u00e9rapies EMDR ( Eye Movement Desensitization and Reprocessing).<\/p>\n\n\n\n<h2 class=\"wp-block-heading has-larger-font-size\">LA TH\u00c9RAPIE DU CYCLE DE LA VIE : L&#8217;ICV<\/h2>\n\n\n\n<p>&#8230;<\/p>\n\n\n\n<h2 class=\"wp-block-heading has-larger-font-size\">LA TH\u00c9RAPIE EMDR<\/h2>\n\n\n\n<p>&#8230;<\/p>\n","protected":false},"excerpt":{"rendered":"<p>Pour toute difficult\u00e9 rencontr\u00e9e au cours de la vie, je vous accueille dans une approche humaniste et ai \u00e0 c\u0153ur de vous offrir une prise en charge adapt\u00e9e \u00e0 vos probl\u00e9matiques. Je propose notamment des th\u00e9rapies de soutien, des th\u00e9rapies ICV (Int\u00e9gration du Cycle de la Vie) ainsi que des th\u00e9rapies EMDR ( Eye Movement&hellip;<\/p>\n","protected":false},"author":1,"featured_media":0,"parent":0,"menu_order":0,"comment_status":"closed","ping_status":"closed","template":"","meta":{"_uag_custom_page_level_css":"","_monsterinsights_skip_tracking":false,"_monsterinsights_sitenote_active":false,"_monsterinsights_sitenote_note":"","_monsterinsights_sitenote_category":0,"footnotes":""},"class_list":["post-2","page","type-page","status-publish","hentry"],"yoast_head":"<!-- This site is optimized with the Yoast SEO plugin v21.4 - https:\/\/yoast.com\/wordpress\/plugins\/seo\/ -->\n<title>Les Th\u00e9rapies propos\u00e9es - Cl\u00e9mence Darde Psychologue Clinicienne<\/title>\n<meta name=\"robots\" content=\"index, follow, max-snippet:-1, max-image-preview:large, max-video-preview:-1\" \/>\n<link rel=\"canonical\" href=\"https:\/\/clemencedarde-psy.fr\/index.php\/therapies-proposees\/\" \/>\n<meta property=\"og:locale\" content=\"en_US\" \/>\n<meta property=\"og:type\" content=\"article\" \/>\n<meta property=\"og:title\" content=\"Les Th\u00e9rapies propos\u00e9es - Cl\u00e9mence Darde Psychologue Clinicienne\" \/>\n<meta property=\"og:description\" content=\"Pour toute difficult\u00e9 rencontr\u00e9e au cours de la vie, je vous accueille dans une approche humaniste et ai \u00e0 c\u0153ur de vous offrir une prise en charge adapt\u00e9e \u00e0 vos probl\u00e9matiques. Je propose notamment des th\u00e9rapies de soutien, des th\u00e9rapies ICV (Int\u00e9gration du Cycle de la Vie) ainsi que des th\u00e9rapies EMDR ( Eye Movement&hellip;\" \/>\n<meta property=\"og:url\" content=\"https:\/\/clemencedarde-psy.fr\/index.php\/therapies-proposees\/\" \/>\n<meta property=\"og:site_name\" content=\"Cl\u00e9mence Darde Psychologue Clinicienne\" \/>\n<meta property=\"article:modified_time\" content=\"2023-10-03T09:16:13+00:00\" \/>\n<meta name=\"twitter:card\" content=\"summary_large_image\" \/>\n<script type=\"application\/ld+json\" class=\"yoast-schema-graph\">{\"@context\":\"https:\/\/schema.org\",\"@graph\":[{\"@type\":\"WebPage\",\"@id\":\"https:\/\/clemencedarde-psy.fr\/index.php\/therapies-proposees\/\",\"url\":\"https:\/\/clemencedarde-psy.fr\/index.php\/therapies-proposees\/\",\"name\":\"Les Th\u00e9rapies propos\u00e9es - Cl\u00e9mence Darde Psychologue Clinicienne\",\"isPartOf\":{\"@id\":\"https:\/\/clemencedarde-psy.fr\/#website\"},\"datePublished\":\"2023-09-10T13:33:43+00:00\",\"dateModified\":\"2023-10-03T09:16:13+00:00\",\"breadcrumb\":{\"@id\":\"https:\/\/clemencedarde-psy.fr\/index.php\/therapies-proposees\/#breadcrumb\"},\"inLanguage\":\"en-US\",\"potentialAction\":[{\"@type\":\"ReadAction\",\"target\":[\"https:\/\/clemencedarde-psy.fr\/index.php\/therapies-proposees\/\"]}]},{\"@type\":\"BreadcrumbList\",\"@id\":\"https:\/\/clemencedarde-psy.fr\/index.php\/therapies-proposees\/#breadcrumb\",\"itemListElement\":[{\"@type\":\"ListItem\",\"position\":1,\"name\":\"Accueil\",\"item\":\"https:\/\/clemencedarde-psy.fr\/\"},{\"@type\":\"ListItem\",\"position\":2,\"name\":\"Les Th\u00e9rapies propos\u00e9es\"}]},{\"@type\":\"WebSite\",\"@id\":\"https:\/\/clemencedarde-psy.fr\/#website\",\"url\":\"https:\/\/clemencedarde-psy.fr\/\",\"name\":\"Cl\u00e9mence Darde Psychologue Clinicienne\",\"description\":\"Cl\u00e9mence Darde Psychologue Clinicienne\",\"publisher\":{\"@id\":\"https:\/\/clemencedarde-psy.fr\/#\/schema\/person\/66e9a47ba1ae3fed58f16ccbea97b33a\"},\"potentialAction\":[{\"@type\":\"SearchAction\",\"target\":{\"@type\":\"EntryPoint\",\"urlTemplate\":\"https:\/\/clemencedarde-psy.fr\/?s={search_term_string}\"},\"query-input\":\"required name=search_term_string\"}],\"inLanguage\":\"en-US\"},{\"@type\":[\"Person\",\"Organization\"],\"@id\":\"https:\/\/clemencedarde-psy.fr\/#\/schema\/person\/66e9a47ba1ae3fed58f16ccbea97b33a\",\"name\":\"admin4183\",\"image\":{\"@type\":\"ImageObject\",\"inLanguage\":\"en-US\",\"@id\":\"https:\/\/clemencedarde-psy.fr\/#\/schema\/person\/image\/\",\"url\":\"https:\/\/clemencedarde-psy.fr\/wp-content\/uploads\/2023\/09\/cropped-gignkgo2.png\",\"contentUrl\":\"https:\/\/clemencedarde-psy.fr\/wp-content\/uploads\/2023\/09\/cropped-gignkgo2.png\",\"width\":375,\"height\":378,\"caption\":\"admin4183\"},\"logo\":{\"@id\":\"https:\/\/clemencedarde-psy.fr\/#\/schema\/person\/image\/\"},\"sameAs\":[\"http:\/\/clemencedarde-psy.fr\"]}]}<\/script>\n<!-- \/ Yoast SEO plugin. -->","yoast_head_json":{"title":"Les Th\u00e9rapies propos\u00e9es - Cl\u00e9mence Darde Psychologue Clinicienne","robots":{"index":"index","follow":"follow","max-snippet":"max-snippet:-1","max-image-preview":"max-image-preview:large","max-video-preview":"max-video-preview:-1"},"canonical":"https:\/\/clemencedarde-psy.fr\/index.php\/therapies-proposees\/","og_locale":"en_US","og_type":"article","og_title":"Les Th\u00e9rapies propos\u00e9es - Cl\u00e9mence Darde Psychologue Clinicienne","og_description":"Pour toute difficult\u00e9 rencontr\u00e9e au cours de la vie, je vous accueille dans une approche humaniste et ai \u00e0 c\u0153ur de vous offrir une prise en charge adapt\u00e9e \u00e0 vos probl\u00e9matiques. Je propose notamment des th\u00e9rapies de soutien, des th\u00e9rapies ICV (Int\u00e9gration du Cycle de la Vie) ainsi que des th\u00e9rapies EMDR ( Eye Movement&hellip;","og_url":"https:\/\/clemencedarde-psy.fr\/index.php\/therapies-proposees\/","og_site_name":"Cl\u00e9mence Darde Psychologue Clinicienne","article_modified_time":"2023-10-03T09:16:13+00:00","twitter_card":"summary_large_image","schema":{"@context":"https:\/\/schema.org","@graph":[{"@type":"WebPage","@id":"https:\/\/clemencedarde-psy.fr\/index.php\/therapies-proposees\/","url":"https:\/\/clemencedarde-psy.fr\/index.php\/therapies-proposees\/","name":"Les Th\u00e9rapies propos\u00e9es - Cl\u00e9mence Darde Psychologue Clinicienne","isPartOf":{"@id":"https:\/\/clemencedarde-psy.fr\/#website"},"datePublished":"2023-09-10T13:33:43+00:00","dateModified":"2023-10-03T09:16:13+00:00","breadcrumb":{"@id":"https:\/\/clemencedarde-psy.fr\/index.php\/therapies-proposees\/#breadcrumb"},"inLanguage":"en-US","potentialAction":[{"@type":"ReadAction","target":["https:\/\/clemencedarde-psy.fr\/index.php\/therapies-proposees\/"]}]},{"@type":"BreadcrumbList","@id":"https:\/\/clemencedarde-psy.fr\/index.php\/therapies-proposees\/#breadcrumb","itemListElement":[{"@type":"ListItem","position":1,"name":"Accueil","item":"https:\/\/clemencedarde-psy.fr\/"},{"@type":"ListItem","position":2,"name":"Les Th\u00e9rapies propos\u00e9es"}]},{"@type":"WebSite","@id":"https:\/\/clemencedarde-psy.fr\/#website","url":"https:\/\/clemencedarde-psy.fr\/","name":"Cl\u00e9mence Darde Psychologue Clinicienne","description":"Cl\u00e9mence Darde Psychologue Clinicienne","publisher":{"@id":"https:\/\/clemencedarde-psy.fr\/#\/schema\/person\/66e9a47ba1ae3fed58f16ccbea97b33a"},"potentialAction":[{"@type":"SearchAction","target":{"@type":"EntryPoint","urlTemplate":"https:\/\/clemencedarde-psy.fr\/?s={search_term_string}"},"query-input":"required name=search_term_string"}],"inLanguage":"en-US"},{"@type":["Person","Organization"],"@id":"https:\/\/clemencedarde-psy.fr\/#\/schema\/person\/66e9a47ba1ae3fed58f16ccbea97b33a","name":"admin4183","image":{"@type":"ImageObject","inLanguage":"en-US","@id":"https:\/\/clemencedarde-psy.fr\/#\/schema\/person\/image\/","url":"https:\/\/clemencedarde-psy.fr\/wp-content\/uploads\/2023\/09\/cropped-gignkgo2.png","contentUrl":"https:\/\/clemencedarde-psy.fr\/wp-content\/uploads\/2023\/09\/cropped-gignkgo2.png","width":375,"height":378,"caption":"admin4183"},"logo":{"@id":"https:\/\/clemencedarde-psy.fr\/#\/schema\/person\/image\/"},"sameAs":["http:\/\/clemencedarde-psy.fr"]}]}},"uagb_featured_image_src":{"full":false,"thumbnail":false,"medium":false,"medium_large":false,"large":false,"1536x1536":false,"2048x2048":false,"post-thumbnail":false,"twentytwenty-fullscreen":false},"uagb_author_info":{"display_name":"admin4183","author_link":"https:\/\/clemencedarde-psy.fr\/index.php\/author\/admin4183\/"},"uagb_comment_info":0,"uagb_excerpt":"Pour toute difficult\u00e9 rencontr\u00e9e au cours de la vie, je vous accueille dans une approche humaniste et ai \u00e0 c\u0153ur de vous offrir une prise en charge adapt\u00e9e \u00e0 vos probl\u00e9matiques. Je propose notamment des th\u00e9rapies de soutien, des th\u00e9rapies ICV (Int\u00e9gration du Cycle de la Vie) ainsi que des th\u00e9rapies EMDR ( Eye Movement&hellip;","_links":{"self":[{"href":"https:\/\/clemencedarde-psy.fr\/index.php\/wp-json\/wp\/v2\/pages\/2","targetHints":{"allow":["GET"]}}],"collection":[{"href":"https:\/\/clemencedarde-psy.fr\/index.php\/wp-json\/wp\/v2\/pages"}],"about":[{"href":"https:\/\/clemencedarde-psy.fr\/index.php\/wp-json\/wp\/v2\/types\/page"}],"author":[{"embeddable":true,"href":"https:\/\/clemencedarde-psy.fr\/index.php\/wp-json\/wp\/v2\/users\/1"}],"replies":[{"embeddable":true,"href":"https:\/\/clemencedarde-psy.fr\/index.php\/wp-json\/wp\/v2\/comments?post=2"}],"version-history":[{"count":3,"href":"https:\/\/clemencedarde-psy.fr\/index.php\/wp-json\/wp\/v2\/pages\/2\/revisions"}],"predecessor-version":[{"id":176,"href":"https:\/\/clemencedarde-psy.fr\/index.php\/wp-json\/wp\/v2\/pages\/2\/revisions\/176"}],"wp:attachment":[{"href":"https:\/\/clemencedarde-psy.fr\/index.php\/wp-json\/wp\/v2\/media?parent=2"}],"curies":[{"name":"wp","href":"https:\/\/api.w.org\/{rel}","templated":true}]}}